 40, 2*f = -3*r + 44. Let v(y) = -2*y + 13. Let q be v(8). Calculate the remainder when 14/q*(2 - 17) is divided by r.
16
Suppose 6*x + 236 = 8*x + k, 2*x - k = 244. Let b = x - 103. What is the remainder when 74 is divided by b?
6
Let c = 234 - 240. Let b(w) = 7*w - 1. Calculate the remainder when b(5) is divided by (8/c)/(-2) - 285/(-45).
6
Suppose -98*i + 93*i = 25, -2*x + 5*i = -245. Calculate the remainder when 460 is divided by x.
20
Let z = -3 + 87. What is the remainder when 2 is divided by ((-8)/12)/(z/(-18) + 4)?
0
Let a = -1524 - -1555. Calculate the remainder when 241 is divided by a.
24
Suppose 93*d = 116*d - 6325. What is the remainder when d is divided by 23?
22
Suppose 15 = 32*w - 27*w. Suppose -w*a + 5*i = -122, a - 38 = -13*i + 16*i. Calculate the remainder when a is divided by 8.
4
Let x(h) be the second derivative of h**5/20 + h**4 + 17*h**3/6 + 5*h**2/2 - 7*h + 2. What is the remainder when x(-10) is divided by 30?
5
Let k(f) = 25*f + 360. Let s be k(-13). Suppose -17*d = -s*d + 270. Calculate the remainder when 224 is divided by d.
14
Suppose -3*y - y - 3*c - 7 = 0, -18 = -4*y + 2*c. Let a = 2 + y. Let h(r) = -78*r - 450. Calculate the remainder when h(-6) is divided by a.
2
Suppose -4*f - 4*x - x + 265 = 0, f = -x + 66. Suppose -6*s + 67 = -f. Calculate the remainder when 174 is divided by s.
20
Suppose -4*w = -9*w + 5*b + 2845, -3*b = 4*w - 2304. Let n = w + -404. Calculate the remainder when n is divided by 38.
17
Suppose 0 = v + 3*j - 3833 + 742, -3 = 3*j. Suppose 33*m - v = 26*m. What is the remainder when m is divided by 111?
109
Let v(q) = -10*q + 21. Suppose -3*c = -b - 40, -4*b + 15 = -3*c + 130. Calculate the remainder when v(b) is divided by 55.
51
Let x(i) = 53*i**2 - 737*i + 19. What is the remainder when x(15) is divided by 53?
41
Suppose 3*i + a - 5 = 0, 7*i - 2*a + 10 = 2*i. Calculate the remainder when 68 is divided by i + (5 - -1 - -49).
13
Suppose -m + 6*m - u = 191, -186 = -5*m - 4*u. Calculate the remainder when (-56 + 44)*((-47)/4 - -2 - -1) is divided by m.
29
Let z(m) = -m**2 + 72*m - 558. What is the remainder when 2258 is divided by z(61)?
111
Suppose 40*d - 41*d = -6. Suppose 314 = d*m + 8. Calculate the remainder when 302 is divided by m.
47
Let b(v) = -33*v**2 + 1 + 35*v**2 - 11 + 2*v - 1. What is the remainder when b(5) is divided by 27?
22
Let o(t) = -t + 9. Suppose 0 = 2*k + 5*r - 116, r - 2 = 2*r. What is the remainder when k is divided by o(-7)?
15
Suppose 0 = -4*g - u, 4*u = u - 12. Suppose -i + 0*i + 5 = -q, -i - g = 2*q. Let l(c) = 11*c**2 + 1. What is the remainder when l(q) is divided by 24?
21
Let n = -14248 - -14300. Calculate the remainder when 3/(185/340 + 2/(-4)) is divided by n.
16
Calculate the remainder when 4488 is divided by 73/9 + (-17 - 8816/(-522)).
0
Let w(d) = -d**2 - 6*d - 3. Let t be 22 + -20 - (-2 - -9). What is the remainder when w(t) is divided by 1?
0
Let t(v) = -5*v + 14*v - 4*v - 22. Let p be t(5). Calculate the remainder when 9 is divided by -1*((-13)/3 - (-1)/p).
1
Suppose 3*q = -4*q + 5*q + 16, -4*q = 2*f - 72. What is the remainder when (-2)/7 + 2081/7 is divided by f?
17
What is the remainder when 1067 is divided by ((-16489)/(-33) + 12 - 3) + (-5)/3?
53
Calculate the remainder when 181 is divided by (-495)/99*266/(-10).
48
Suppose -2*w + 349 + 167 = 2*n, 5*w = 2*n + 1297. What is the remainder when w is divided by 15?
4
Let l = 5558 + -5528. Suppose -5*d + d = -3832. What is the remainder when d is divided by l?
28
Suppose 0 = -2*l - 3*r + 123, -5*l - 28*r = -26*r - 313. Calculate the remainder when 308 is divided by l.
56
Let g = -2847 + 2956. What is the remainder when 1415 is divided by g?
107
Suppose -4*t + 2*t + 60 = 0. Suppose t = -6*g + 96. Let y = g + -7. Calculate the remainder when 13 is divided by y.
1
Let h be (-97)/11 + (-20)/110. What is the remainder when 53 is divided by h/(-18) - 122/(-4)?
22
Suppose m - 3*m + 40 = 0. Let f be (-98)/(-20) + (-40)/(-400). Suppose 0 = -f*p - 5*q + 924 - 234, 5*q = 5. What is the remainder when p is divided by m?
17
Calculate the remainder when -124*(51/(-6))/(-17)*-12 is divided by 73.
14
Suppose 4*w = 4*q + 28, 4*q + 4*w + 7 = -29. Let o(p) be the first derivative of -3*p**2/2 - 17*p + 1. Calculate the remainder when 25 is divided by o(q).
4
Let a(b) = -2*b - 36. Suppose 16 = 2*m + 58. Calculate the remainder when a(m) is divided by 2.
0
Suppose -m - 1 = -14. Let j(v) = v**3 - 13*v**2 - v + 24. Calculate the remainder when j(m) is divided by 5.
1
Let l = 66 - 65. Let u be l*(13 - (-3 + 3)). Suppose x = -5*i + 60, x - 11 - u = -2*i. What is the remainder when 106 is divided by i?
10
Let g(n) = n**3 - 24*n**2 + 46*n - 42. Let o be g(22). Suppose 0 = 3*h + 2*p - 1021, 16*p - 18*p - o = 0. What is the remainder when h is divided by 57?
56
Suppose -2*d - 327 = 3*t, -5*d + t - 920 + 77 = 0. Let h = d - -174. Calculate the remainder when (-247)/(-7) + 2/(-7) is divided by h.
5
Let c(s) = -s**2 + 38*s + 52. Let z = 49 + -71. Let r = -1 - z. Calculate the remainder when r is divided by c(39).
8
Let q be (508/10)/(-4 + 38/10). Let n = 8 - q. What is the remainder when n is divided by 44?
42
Let o(c) = -11*c**3 - 3*c - 1. Let h be o(-1). Suppose 4*j + h*z = 14*z + 550, -5*z + 10 = 0. What is the remainder when j is divided by 20?
18
Suppose 4*v + 3*j = 686, -3*j - 7 = 11. Calculate the remainder when v is divided by 154.
22
Let s(c) = -c + 27. Let p(f) = -f**3 - 13*f**2 - 62*f + 3. Calculate the remainder when p(-10) is divided by s(14).
11
Let i = -3068 - -3328. Calculate the remainder when i is divided by 81.
17
Let w(a) be the second derivative of -5*a**3/6 - 25*a**2/2 + a - 26. Calculate the remainder when 147 is divided by w(-10).
22
Let v(j) = -j**2 - 7*j + 9. Let y be v(-7). Let o(u) = -u**2 + 9*u + 5. Calculate the remainder when 0*3/(-6) + -3 + 15 is divided by o(y).
2
Let v(w) = 235*w + 69. Calculate the remainder when v(2) is divided by 3.
2
Let d(b) = 4*b**2 - 27*b + 23. Let f(s) = -2*s - 2. Let i be f(-2). Suppose -13 = -i*u + 11. Calculate the remainder when u is divided by d(6).
2
Let t be -22*2*52/(-104). Suppose 0 = -4*n + 4*m + 21 + 47, 0 = -2*n - m + t. Calculate the remainder when 60 is divided by n.
8
Let m = 421 - 400. Suppose -m*v = -5*v - 112. Calculate the remainder when 34 is divided by v.
6
Let t(d) = -3*d**2 + 17*d - 4. Let c = 519 - 461. What is the remainder when c is divided by t(5)?
4
Let y be (0/11)/(-3*1). Suppose 9 = 3*k + 3*l + 30, y = 5*k - 4*l - 10. Calculate the remainder when -1*(-3 + -15) + k is divided by 6.
4
Suppose -5*u - 4 = -14. Suppose 30 = 3*d + 4*k - 91, 132 = 4*d - u*k. Let i = d + -28. Calculate the remainder when 18 is divided by i.
4
Suppose 5*d + 21 = 2*y, -4 = -3*d + 7*d. Suppose -y*k + 13*k - 30 = 0. Let z(n) = 4*n**2 + 283*n + 231. Calculate the remainder when z(-70) is divided by k.
3
Suppose -36*g + 333 = -278 - 181. What is the remainder when 1530 is divided by g?
12
Let r = 2212 + -1352. Suppose 0 = 2*a + 2*a + 5*u - r, -a = -3*u - 198. Suppose -214 - a = -4*c. Calculate the remainder when c is divided by 27.
25
Calculate the remainder when 1213 is divided by -11*(37/(-185))/((-1)/(-155)).
190
Suppose -344*g + 905277 = -4556067. What is the remainder when g is divided by 237?
234
Suppose -593 - 1117 = f - 19*f. Calculate the remainder when 182 is divided by f.
87
Let u(t) = t**3 - 3*t**2 + 5*t - 4. Let a be u(2). Suppose -5*g - 4*v = -4*g - 26, 0 = -2*g + a*v + 62. What is the remainder when 113 is divided by g?
23
Let i(b) = -2*b**3 - b**2 + 56*b + 100. What is the remainder when 199 is divided by i(-6)?
39
Calculate the remainder when (7 - 0/(-8) - (4 - -361))/(-2) is divided by 116/(-3 + 7) - 3.
23
Let y = 12463 - 11966. What is the remainder when y is divided by 15?
2
Suppose 26*b = 46015 + 4217. Calculate the remainder when b is divided by 20.
12
Let u(b) = b + 2. Suppose 11 = 5*y - 2*f, 2*f = 2*y + 2*y - 8. Calculate the remainder when 2/2 - (-19 - y) is divided by u(3).
3
Let z(g) = g**2 + 2*g - 21. Let m be z(-6). What is the remainder when 150 is divided by ((-1836)/(-8))/(-9)*(-2)/m?
14
Let d be -3 - -20 - -2*(-3)/(-2). Suppose -2*h - d = -3*l + 3, -4*h = -5*l + 41. Suppose 4*x - 129 = -41. What is the remainder when x is divided by l?
2
Sup